emainder when d + (-4 + 3)*1 is divided by 8?
5
Let z = -80 + 67. Let m = 13 - z. Calculate the remainder when m is divided by 7.
5
Suppose -f = 2*f, -5*s + 65 = -f. Let w be 136 - -13 - (-2)/(4/(-6)). Suppose 2*a = 4*q - w, -4*a + 4 = -8*a. What is the remainder when q is divided by s?
10
Let c = -17 - -17. Suppose 4*y - 4*u + c*u - 76 = 0, 0 = -u + 3. Calculate the remainder when 85 is divided by y.
19
Let z = 374 - 362. What is the remainder when 166 is divided by z?
10
Suppose -13*t + 8*t - 5*y + 35 = 0, 3*y = 2*t + 6. Let s be 2/(1 + 18/(-20)). Suppose s = t*a + 5. What is the remainder when a is divided by 4?
1
Let k(s) = 3*s**2 + 36*s + 57. Calculate the remainder when k(-11) is divided by 12.
0
Calculate the remainder when 2*16 - (-14 - (5 - 19)) is divided by 21.
11
Suppose 162 = 2*i + 3*u, -3*u = -2*i + 14 + 136. Suppose -3*a - 114 = -7*a - 2*t, a - 30 = -t. Calculate the remainder when i is divided by a.
24
Let o = 628 - 365. Calculate the remainder when o is divided by 24.
23
Let s = -10 - -40. Let u = s - -32. What is the remainder when u is divided by 35?
27
Suppose -2*i + m = -6, 5*i - i - 3*m = 14. Suppose -159 = -5*o - 3*g, o = 6*o + i*g - 156. What is the remainder when 59 is divided by o?
29
Let i(t) = t**3 + 7*t**2 + 4*t - 1. Let v be (1 + -2)*(4 - 1). What is the remainder when (-86)/v*(-84)/(-56) is divided by i(-3)?
20
Calculate the remainder when 412 + (-2 - -12 - 5) is divided by 70.
67
Let g(r) = -r**3 - r**2 - 2. Let a be g(2). Suppose 0 = -s + 27 - 2. What is the remainder when s is divided by 1*(a/4)/(2/(-4))?
4
Let y(l) = -24*l - 245. What is the remainder when 133 is divided by y(-13)?
66
Let p be ((-4)/(-10))/(2/55). Let a = 17 - p. Let i = -16 - -18. What is the remainder when a is divided by i?
0
Let f be -2 + ((-8)/(-2) - (-6 + 5)). Suppose 4*y - f*y = 35. What is the remainder when y is divided by 9?
8
Suppose -10*z = -9*z. Suppose z = -f + 3*f - 68. Let s = -18 + f. What is the remainder when 63 is divided by s?
15
Suppose 33 = -13*o + 150. What is the remainder when 62 is divided by o?
8
Suppose -4*u - 636 = -752. What is the remainder when 2550 is divided by u?
27
Suppose 3*v = -10*v + 2964. Calculate the remainder when v is divided by 82.
64
Let h(t) = t - 3. Let l be h(6). Suppose 4*n = 5*o - l, 4*o - 2 = 2*n + n. Let g = n - -17. What is the remainder when 27 is divided by g?
12
Let b(u) = -u**2 - 50*u + 31. What is the remainder when 229 is divided by b(-48)?
102
What is the remainder when (208/(-52))/(4/(-127)*1) is divided by 35?
22
Suppose -2*w + 24 - 2 = 0. Suppose 2*q = 23 + w. What is the remainder when 79 is divided by q?
11
Suppose -4*d + 3*w = -896 - 72, -d - 3*w + 227 = 0. Calculate the remainder when d is divided by 30.
29
Let h(y) = y**3 + y + 2. Let v be h(0). Calculate the remainder when 78 is divided by 29/v + 2 + 14/(-28).
14
Let c be -4 + 3 + (9 - 4). Let u(n) = -n**2 + 9*n + 2. Calculate the remainder when (32/(-20))/(c/(-10)) is divided by u(9).
0
Let l(v) = -v**3 + 29*v**2 - 100*v + 20. What is the remainder when 27 is divided by l(25)?
7
What is the remainder when 111 - (-7 - -3) - 45/(-9) is divided by 11?
10
Suppose 13 = 3*o - 3*v - 11, -4*o + 12 = v. Let m = -35 - -49. Suppose -z - 5*x = -2*x - m, -2*z + 28 = 4*x. What is the remainder when z is divided by o?
2
Suppose 0 = 4*s - 5*s - 2*u + 31, -3*s + 100 = -u. Calculate the remainder when 261 is divided by s.
30
Let k(m) = -m**2 + 9*m + 71. What is the remainder when k(12) is divided by 10?
5
Let i(k) = -k**3 - 18*k**2 + 18*k - 3. Let p(a) = -2*a - 37. Let y be p(-9). Calculate the remainder when 30 is divided by i(y).
14
Suppose -5*c + 190 = 5*j, -7*j + 2*j + 4*c = -217. Suppose o = -0*o + j. Suppose 59 = 4*s - o. Calculate the remainder when 48 is divided by s.
23
Suppose 3*y - 6*y = -219. What is the remainder when 142 is divided by y?
69
Suppose h + 5751 = 4*x, 4*x = 24*h - 19*h + 5763. Calculate the remainder when x is divided by 45.
42
Suppose 0 = 3*d + 9 + 3. Let m = 7 + d. Calculate the remainder when 23 is divided by (6/4 - m)*-4.
5
Suppose -7*i = -4*i - 1887. Let m = -312 + i. Calculate the remainder when m is divided by 16.
13
Suppose 5*p = f - 6*f + 540, -5*p - 126 = -f. Calculate the remainder when f is divided by 105.
6
What is the remainder when 5752/64 + 5/40 is divided by 3?
0
Suppose 0*c - 4*c = -140. Let b = c + -14. What is the remainder when b is divided by 14?
7
Let n(z) = 2*z**3 + 20*z**2 - 15*z - 118. What is the remainder when 371 is divided by n(-10)?
19
Let n(d) = d**3 - 11*d**2 - 13*d + 23. What is the remainder when 219 is divided by n(12)?
10
Suppose -6*i = -64 - 62. Suppose 3*z - 6*f = -f + 23, f = -z + i. What is the remainder when 60 is divided by z?
12
Suppose 24*t = -15*t + 1131. Let g = 1 - -14. What is the remainder when t is divided by g?
14
Calculate the remainder when 42 - 3*30/(-18) is divided by 17.
13
Let j = -24 + 28. Suppose -4*n - 64 = -5*n. Suppose 5*b - 1 - n = 0. What is the remainder when b is divided by j?
1
Calculate the remainder when 32 is divided by (28 + 2)*(-18)/(-54).
2
Suppose 61 = 5*w + 4*r, -3*r - 43 + 64 = w. Calculate the remainder when w is divided by 3.
0
Let f(c) be the second derivative of 4*c**3/3 + 65*c**2/2 + 24*c. Calculate the remainder when 116 is divided by f(-6).
14
Let f(o) = o**2 - 6*o - 16. Let a be f(8). Suppose 0 = -b, 0 = 2*s + 4*b - a*b - 34. What is the remainder when 49 is divided by s?
15
Suppose -167*z + 170*z = 129. What is the remainder when 117 is divided by z?
31
Let n = -25 - -40. Let m = 240 - n. Suppose -m = -4*f - f. Calculate the remainder when f is divided by 23.
22
Let w = 7 + -2. Suppose w*q + 2*h + 0*h = 10, -5*h = 0. Suppose 0*y = q*y - 54. What is the remainder when y is divided by 14?
13
Let v = 162 - 140. Calculate the remainder when 55 is divided by v.
11
Let i = 3 - 6. Let x be 0 + -3 + (-9)/i. Suppose b + x*a - a = 63, -2*b = 5*a - 105. Calculate the remainder when b is divided by 21.
18
Suppose 13*f = 93 + 297. What is the remainder when 135 is divided by f?
15
Let j be (120/(-28))/((-2)/14). Suppose -2*x - j = -7*x. What is the remainder when 22 is divided by x?
4
Let l(c) = 4 - 2*c - 3 - 2 - 5. Let d be l(6). What is the remainder when 4/d - (-202)/18 is divided by 6?
5
What is the remainder when (6/(-9))/(6/(-1233)) is divided by 35?
32
Suppose 4*l = b + 7 - 2, 3*l = b + 5. Suppose m + l*m = 41. Suppose 0 = -2*j + 18 + 4. Calculate the remainder when m is divided by j.
8
Suppose 83*t - 76*t = 13636. What is the remainder when t is divided by 130?
128
Calculate the remainder when 486 is divided by (-11)/44*20 + 70/1.
31
Let g = 55 + -51. Suppose u + n - 23 = 0, u - 2*u - g*n + 17 = 0. What is the remainder when 68 is divided by u?
18
Suppose -g + 15*g = 42. What is the remainder when 59 is divided by g?
2
Let d = 139 - 135. Let l(j) = j**3 - 3*j**2 - 4*j + 5. Suppose -7*y + 3*y + 16 = 0. Calculate the remainder when l(y) is divided by d.
1
Let l(q) = q**3 + 17*q**2 - 19*q + 21. Calculate the remainder when 661 is divided by l(-18).
37
Let c be 0 + (-460)/(-5 - -1). Let d = 187 - c. What is the remainder when d is divided by 19?
15
Let f(m) = m**2 - 6*m - 39. Calculate the remainder when 214 is divided by f(15).
22
Suppose -26 = -21*o + 3481. What is the remainder when o is divided by 85?
82
Suppose -4*n = 4*w - 36, -23 = -2*n - 2*w + 5*w. Let h = 11 - n. What is the remainder when (-1 - h) + 56 + -3 is divided by 13?
12
Suppose 9*s - 340 = 4*s. Let y = -41 + s. Calculate the remainder when 132 is divided by y.
24
Let a(q) = 265*q**2 - 7*q + 7. Calculate the remainder when a(1) is divided by 19.
18
Suppose 3*u - 16 = -2*d + 35, 3*u = -5*d + 51. What is the remainder when 166 is divided by u?
13
Suppose 1275 - 1233 = x. Calculate the remainder when x is divided by 11.
9
Suppose -k - 10 = -0*k - 3*c, 15 = k + 2*c. What is the remainder when 17 is divided by (-98)/(-8) + ((-19)/(-4) - k)?
5
Let t be (4 + 72/4)*1. Suppose -4*f + 10 = -t. Calculate the remainder when 14 is divided by f.
6
Let i = 167 + -90. Let n = -64 + i. Calculate the remainder when 44 is divided by n.
5
Suppose -2*o = o - 15. Calculate the remainder when (-5)/(o/(-66)) + 7 + -5 is divided by 24.
20
Let v = 29 + -18. Let u be (-3)/(-2) - 159/(-6). Let